l**2 - 8*l - 3. What is q(6)?
-8
Let o(h) = 5 + 2 - h**2 - 8*h - 10 + 11*h. Calculate o(3).
-3
Let n(z) be the third derivative of -z**4/24 - 7*z**3/3 + 10*z**2. Let t be (-26)/(-2)*(0 - 1). Let q be n(t). Let u(r) = 2*r. Determine u(q).
-2
Suppose 2 = 4*o - 3*c + 1, -29 = -o - 5*c. Let g(x) = 1 - 14 + 5 + x. Calculate g(o).
-4
Let i(w) = -w**2 + 4*w - 4. Let r be i(4). Let t(h) = -h + 7. Let k be t(6). Let x(p) = -k - 3 + 0 - 8*p - p**2 + 2*p. What is x(r)?
4
Let s be 18 - (0 + 4/(-2)). Suppose 0 = 3*x - 5*i + 40, x + 4*i + 5 = s. Let u(d) = -d - 3. What is u(x)?
2
Let d(t) = -3*t + 4. Let y(g) = g - 1. Let z(p) = 6*d(p) + 17*y(p). Suppose -3*o + 10 = -5. Suppose -2*h = -o*h + 15. Give z(h).
2
Let h(z) be the first derivative of -z**2 + 2*z - 1. Suppose 65 = 15*t + 5. Calculate h(t).
-6
Let d(a) = -3*a - 23*a**3 - a**2 + 1 + 10*a**3 + 0 + 4*a. Determine d(-1).
12
Let b(u) = 2597*u - 2596*u + 2 + 1. Let m(y) = y**3 - 6*y**2 + 4*y + 4. Let r be m(5). Let x be r*((2 - 0) + 1). Calculate b(x).
0
Let p(i) = i. Let h be (32/(-40))/((-4)/(-10)). Let c(f) = -3*f + 5. Let t(j) = h*p(j) - c(j). Determine t(5).
0
Suppose -4*u + 1 - 25 = 0. Let o(t) = -2 - 8*t**2 + t + 9*t**2 + 3*t + t. Let z be o(u). Let i(w) = -w**2 + w + 1. Determine i(z).
-11
Let d(u) be the first derivative of -u**2/2 - 9*u - 65. Determine d(-13).
4
Let g(x) = -11*x + 6. Let d(j) = -22*j + 11. Let m(k) = -3*d(k) + 5*g(k). Calculate m(2).
19
Let s(y) be the second derivative of y**3/6 - 4*y**2 - 9*y. Let k be s(15). Let u(c) = c**2 - 7*c - 2. Calculate u(k).
-2
Let v(h) = -6 + 3*h**3 - 1 - h**3 + 6. Let a = -8 - -14. Let q be (-4)/a + 2/(-6). What is v(q)?
-3
Suppose 5*l + 4*v - 30 = 0, -5*l = -0*v + v - 15. Let t = -3 - l. Let x(y) = -2*y - 2. Calculate x(t).
8
Suppose 2*n - c = 2 + 11, 18 = 3*n - 2*c. Let t(i) = -i**2 + 4*i**2 - 3*i**2 - i**2 + 7*i + 8. Calculate t(n).
0
Let o = 15 + -12. Suppose g - 2 = -o. Let x(w) = -6*w. Give x(g).
6
Let x(o) be the second derivative of o**3/6 + 10*o. Calculate x(-1).
-1
Let a(b) be the first derivative of -b**3/3 - 3*b**2 - 3*b - 2. Let i = 7 + -9. Give a(i).
5
Let n(y) = y + y**3 + 17 + 6*y - 4 - 10*y**2 + y. Determine n(9).
4
Let i(l) = l - 2*l + 2*l. Let f = -280 - -280. What is i(f)?
0
Let g(c) = 15*c**2 - 4 - 25*c**2 - 4*c + 9*c**2. Suppose 4*y + 25 = 9. Calculate g(y).
-4
Let g(y) be the third derivative of 1/6*y**4 + 1/60*y**5 + 0 - y**3 + 2*y**2 + 0*y. Suppose 4*q + 1 = 3*k, 5*k - q = -8 - 13. Give g(k).
-1
Let l(j) = -j**2 - 4*j + 17. Let g be l(-6). Let u = -3 - -5. Let p(w) = -g*w + 5*w - u - 2*w. Give p(-4).
6
Let a(r) be the third derivative of r**6/720 - 7*r**5/120 - r**4/12 - 4*r**2. Let l(h) be the second derivative of a(h). Calculate l(0).
-7
Let k(g) = g**2 + 2*g + 4. Suppose -4*h + 2 = 5*r - 3, -4*h + 32 = -4*r. Determine k(r).
7
Suppose -2*r = -4 - 2. Let b(y) = 1 + 5*y**3 + 0*y**r - 2*y**3 + 0. Determine b(-1).
-2
Let i(f) = f**2 - 3*f - 4. Let a = 11 + -9. Let u = 2 + a. Give i(u).
0
Let i = 6 - 11. Let m(b) = 6 - 5*b - b**2 - 3 + 0*b**2. Determine m(i).
3
Let s(n) = 2*n**3 - 2*n**2 - 3*n + 2. Let x = -15 - -17. Suppose 0 = -5*m + 5*f - 5, x*m - 3*m = -2*f + 4. What is s(m)?
4
Let j(i) = 7*i**2 + 4*i + 9. Let x(y) = -y**2 + y. Let z(v) = -j(v) - 6*x(v). Let o be z(-9). Let f(w) = 0*w + o*w - 2*w + 3*w**2 - w**3 + 2. Determine f(2).
2
Let i(x) be the third derivative of -x**6/120 + x**5/12 + x**4/24 - x**3 - x**2 - 29*x. Calculate i(5).
-1
Let v = -5 - -12. Let w = 4 - v. Let r(k) = 3 + k**2 - 3*k - 3*k**2 + k**2. Give r(w).
3
Let y(m) = -2*m - 3. Let t(g) be the second derivative of -g**3/6 + g**2 + 3*g. Let h be t(8). Calculate y(h).
9
Let j(l) = l**2 + 3*l - 7. Let a = 15 - 7. Suppose 4*d + 12 + a = 0. Calculate j(d).
3
Let k(t) = 1 + 0 - 2*t**2 + 0*t**2 + 1. Give k(-2).
-6
Let i = -71 + 73. Let k(y) be the first derivative of 3/4*y**4 + y - y**i + 2 + 0*y**3. Calculate k(1).
2
Let j be -5 + 5 + (-3)/(-1). Let s(b) = -b**3 + 4*b**2 - 2*b + 2. Calculate s(j).
5
Let y be ((-125)/20 + 5)/((-3)/12). Let i(q) be the first derivative of -q**4/4 + 4*q**3/3 + 7*q**2/2 - 2*q + 1. Calculate i(y).
8
Let y(t) be the first derivative of -2*t**3/3 - 2*t**2 - 3*t + 32. Determine y(-3).
-9
Let q(h) be the third derivative of 0*h**4 + 0*h - h**2 + 0 - 1/12*h**5 + 2/3*h**3 - 1/120*h**6. Calculate q(-5).
4
Let w(u) = u**2. Let l(c) = c**3 - 10*c**2 + 3*c + 2. Let g(o) = l(o) + 5*w(o). Let q be (-330)/(-75) - 2/5. Calculate g(q).
-2
Suppose -2*l - 9 = 2*x + x, -4*l = 2*x + 14. Let a be (15 - x)*(-9)/18. Let r(j) = -j**2 - 7*j + 5. Determine r(a).
-3
Let z(k) = -3*k - 3. Let y = 76 + -79. Calculate z(y).
6
Let m(a) = 1. Let r(f) = -f + 3. Let x(q) = -3*m(q) + r(q). Determine x(3).
-3
Let v(t) be the second derivative of t**3/6 - 5*t**2/2 - 10*t. Calculate v(7).
2
Let h(a) = a**2 - 2*a - 2 + a**3 + 0*a**3 + a + 2*a. Let w be h(0). Let y(c) = c + 1. Let o(m) = 3*m**2 + 3*m + 2. Let t(z) = -o(z) - y(z). Determine t(w).
-7
Let n(z) = 10*z**2 - 17*z**2 + 3 - 2*z + 6*z. Calculate n(-2).
-33
Let j(z) = -z**3 + 3*z**2 - 3*z + 1. Suppose -5*y = -2*n - 1, 0*n - 9 = -3*n - 3*y. Calculate j(n).
-1
Let a(b) be the first derivative of b**3/3 + b**2 - 3*b + 9. Calculate a(-4).
5
Let k(i) = -i**3 - 6*i**2 + 2*i + 8. Let q be k(-6). Let w(z) = 3*z + 2. Let g(o) = -7*o - 5. Let s(t) = -4*g(t) - 9*w(t). Determine s(q).
-2
Suppose -4*a + a = -15. Let g(b) = -3*b + a*b + 2 + 0. Calculate g(-2).
-2
Let a be 1 + (-6 - (-3 - -1)). Let z(q) be the second derivative of -q**5/20 - q**4/4 - q**3/3 - q**2 + q + 1. Give z(a).
4
Suppose 2*l - 2*y - 2 = 0, 3*l = -2*y + 6 + 2. Let o(u) = u**2 - 3*u + 3. Determine o(l).
1
Let s(m) = 6*m**2. Let k = -18 + 17. Give s(k).
6
Let l(m) be the first derivative of -m**4/4 - 2*m**3 + m**2/2 + 4. Let t = -51 - -45. Give l(t).
-6
Let r(l) = l**2 - 3*l - l - l + 2. Let o(h) = -27*h**2 + 13*h**2 - 1 + 12*h**2 + 6*h. Let v(m) = 2*o(m) + 3*r(m). Calculate v(-4).
0
Let a(q) = q**3 - 5*q**2 - 4*q - 6. Let z be 4/12 - (-2)/(-6). Let k be 19 + -4 - z/(-1). Suppose k + 3 = 3*j. Give a(j).
6
Let d(o) = o**2 - 3*o. Suppose 6 = 6*w - 4*w. What is d(w)?
0
Let k(s) = -3*s**3 + 2*s + 3. Let n = -26 - -24. What is k(n)?
23
Let r = 4 + -6. Let w be (-1)/r + (-10)/4. Let a(m) = -m + 1. Let y(u) = -3*u - 4. Let q(l) = -a(l) - y(l). What is q(w)?
-5
Suppose 0 = 4*b - 3 + 7. Let f(n) be the first derivative of -2*n**3 - 4 + n + 1/2*n**2. Give f(b).
-6
Suppose -5*l + 0*l = -a + 8, 10 = -4*a - l. Let f(x) = -8*x - 9. Let d(o) = 12*o + 13. Let i(h) = -5*d(h) - 7*f(h). Give i(a).
6
Let d = -26 + 28. Let m(r) be the second derivative of -1/2*r**d + r - 2/3*r**3 + 0. Give m(1).
-5
Let q(k) = -6*k + 1. Let z be (3/(-6))/((-1)/(-2)). Suppose -b = 2*b. Let p = z - b. Calculate q(p).
7
Suppose 8 + 2 = 5*d. Suppose 0 = -3*x + 5*x - 8. Let n be d - 2/x*-2. Let j(r) = -2*r + 2. Calculate j(n).
-4
Let j be 6/2 - (-2 - 0). Let x(u) = -14*u - 20. Let v(c) = -5*c - 7. Let n(i) = -17*v(i) + 6*x(i). Let q be n(j). Let l(s) = s**2 - 4*s + 6. Give l(q).
6
Let w(p) = 2*p - 5. Let x(t) = -3*t - 2. Let z be x(-2). Let j be 8/1*2/z. What is w(j)?
3
Let q(c) be the first derivative of 6 - 2*c**2 - 4*c - 1/4*c**4 + 2*c**3. Let g be 3 - (0 + 1)/(-1). What is q(g)?
12
Suppose -5*j - z = -17, -3*j + 7 = -0*j - z. Let g(a) = a. Let b(t) = 3*t**2 + 6*t + 3. Let w(n) = j*g(n) - b(n). Give w(-2).
-9
Suppose u = -4*d + 37, 25 = -5*d - u + 70. Let v = d + -7. Let w(h) = h. Give w(v).
1
Let r(s) = -3 + 94*s - 93*s - 11. Give r(7).
-7
Let a(q) = -q + 1. Let t(u) = -u**2 + 4*u - 3. Let n(v) = 4*a(v) + t(v). Let s(m) be the first derivative of n(m). Calculate s(1).
-2
Let l = -9 + 13. Let i(a) = -2*a - 3*a + l*a + 3*a**3. Give i(-1).
-2
Let p(g) be the third derivative of -1/24*g**4 + 0 - 5/3*g**3 + 5*g**2 + 0*g. Determine p(0).
-10
Let b(k) = -k**2 + 6*k + 2. Let q be b(6). Let i(r) = 0*r**q + r**2 + 10*r - 12*r. Determine i(4).
8
Let k(w) = 3*w + 52. Let f be k(-18). Let i(t) = -t - 6 + 1 + 4 - t**2. Calculate i(f).
-3
Let v(a) be the first derivative of -a**3/3 - 2*a**2 + 6*a - 3. Let c(g) = -g**2 + 3*g + 6. Let o be c(-4). Let j = o + 16. Calculate v(j).
-6
Let x(f) = -f**3 + 7. Let r(g) = -2*g**2 + 3 + 4*g**2 - 2 + g. Let l be r(-1). Suppose -w + 1 = -4*o - 0, -l*w + 2 = -4*o. What is